the greatest common divisor of 88 and 13464?
88
Calculate the greatest common factor of 1104 and 36.
12
Calculate the highest common divisor of 184 and 115.
23
What is the highest common factor of 121 and 77?
11
Calculate the highest common factor of 28244 and 46.
46
Calculate the highest common factor of 594 and 270.
54
Calculate the greatest common divisor of 4617 and 76.
19
What is the greatest common factor of 196 and 224?
28
Calculate the greatest common factor of 195 and 6500.
65
Calculate the highest common factor of 3123 and 9.
9
Calculate the highest common divisor of 2 and 4.
2
Calculate the highest common divisor of 288 and 2448.
144
Calculate the greatest common divisor of 3410 and 3720.
310
Calculate the highest common divisor of 1248 and 144.
48
Calculate the greatest common factor of 1136 and 71.
71
What is the greatest common divisor of 3220 and 100?
20
What is the highest common divisor of 966 and 42?
42
What is the highest common divisor of 21 and 1134?
21
Calculate the highest common factor of 26322 and 82.
82
What is the highest common factor of 34 and 2?
2
What is the highest common factor of 1 and 5741?
1
What is the highest common factor of 71 and 1207?
71
Calculate the highest common divisor of 434 and 1178.
62
Calculate the greatest common divisor of 2 and 7442.
2
Calculate the highest common divisor of 5767 and 146.
73
Calculate the greatest common factor of 236 and 177.
59
What is the highest common factor of 938 and 10?
2
Calculate the greatest common divisor of 24 and 1752.
24
Calculate the greatest common divisor of 1 and 355.
1
Calculate the highest common divisor of 36 and 828.
36
What is the greatest common factor of 561 and 153?
51
Calculate the highest common divisor of 17 and 1445.
17
What is the greatest common factor of 336 and 252?
84
Calculate the greatest common divisor of 108 and 60.
12
What is the greatest common factor of 192 and 64?
64
Calculate the greatest common factor of 171 and 190.
19
Calculate the greatest common divisor of 2704 and 464.
16
What is the greatest common divisor of 19 and 589?
19
What is the greatest common factor of 2244 and 264?
132
Calculate the greatest common divisor of 1632 and 2312.
136
What is the greatest common factor of 24 and 168?
24
What is the greatest common divisor of 63 and 126?
63
What is the greatest common divisor of 3240 and 72?
72
Calculate the highest common factor of 2 and 58.
2
Calculate the greatest common factor of 18 and 4707.
9
Calculate the greatest common divisor of 440 and 8195.
55
What is the highest common factor of 1976 and 208?
104
What is the highest common divisor of 988 and 266?
38
Calculate the highest common factor of 29 and 1479.
29
What is the highest common divisor of 259 and 1480?
37
Calculate the highest common factor of 615 and 105.
15
What is the greatest common factor of 4980 and 1920?
60
What is the highest common divisor of 426 and 2911?
71
What is the highest common divisor of 30 and 39210?
30
Calculate the greatest common divisor of 392 and 168.
56
What is the greatest common factor of 84 and 12?
12
Calculate the greatest common factor of 152 and 3287.
19
What is the highest common divisor of 1247 and 215?
43
What is the greatest common divisor of 51 and 1275?
51
What is the greatest common divisor of 159 and 17384?
53
What is the greatest common factor of 6 and 1542?
6
Calculate the highest common factor of 261 and 9.
9
Calculate the highest common factor of 130 and 960.
10
Calculate the highest common divisor of 7766 and 22.
22
Calculate the highest common factor of 108 and 56.
4
Calculate the greatest common factor of 286 and 182.
26
What is the greatest common divisor of 480 and 804?
12
What is the highest common divisor of 13 and 117?
13
Calculate the highest common divisor of 466 and 5.
1
Calculate the greatest common divisor of 136 and 68.
68
Calculate the highest common divisor of 8760 and 300.
60
Calculate the highest common divisor of 300 and 220.
20
Calculate the highest common factor of 72 and 1224.
72
Calculate the greatest common factor of 493 and 145.
29
What is the highest common divisor of 32 and 368?
16
Calculate the greatest common divisor of 32 and 208.
16
What is the highest common factor of 51 and 136?
17
What is the highest common factor of 635 and 15367?
127
Calculate the greatest common factor of 209 and 703.
19
Calculate the highest common divisor of 372 and 651.
93
What is the highest common divisor of 884 and 52?
52
What is the highest common factor of 39 and 247?
13
Calculate the greatest common divisor of 270 and 20.
10
What is the greatest common divisor of 60 and 810?
30
What is the highest common factor of 324 and 96?
12
What is the greatest common divisor of 42680 and 330?
110
What is the highest common factor of 4225 and 5?
5
What is the greatest common factor of 209 and 57?
19
What is the highest common divisor of 63 and 12?
3
Calculate the greatest common factor of 32 and 25.
1
What is the highest common divisor of 909 and 202?
101
What is the highest common divisor of 9 and 24?
3
Calculate the greatest common factor of 40 and 380.
20
Calculate the highest common divisor of 13756 and 76.
76
What is the greatest common factor of 47408 and 16?
16
Calculate the highest common divisor of 136 and 3196.
68
Calculate the greatest common divisor of 27 and 15.
3
What is the greatest common divisor of 2261 and 357?
119
What is the highest common divisor of 63 and 161?
7
Calculate the greatest common divisor of 9 and 747.
9
Calculate the highest common divisor of 8 and 116.
4
Calculate the highest common factor of 1751 and 34.
17
What is the highest common divisor of 20 and 610?
10
What is the greatest common divisor of 279 and 2325?
93
Calculate the greatest common divisor of 26 and 3614.
26
Calculate the greatest common divisor of 8 and 132.
4
What is the greatest common divisor of 1729 and 6175?
247
What is the greatest common factor of 1239 and 2773?
59
Calculate the greatest common divisor of 330 and 1870.
110
What is the greatest common divisor of 2 and 34?
2
What is the greatest common factor of 1504 and 423?
47
What is the highest common factor of 57 and 12?
3
Calculate the greatest common factor of 4 and 304.
4
Calculate the greatest common factor of 715 and 130.
65
What is the greatest common divisor of 4084 and 4?
4
Calculate the highest common divisor of 22 and 143.
11
What is the greatest common factor of 124 and 279?
31
What is the greatest common factor of 44 and 539?
11
What is the highest common divisor of 2021 and 43?
43
Calculate the highest common factor of 1435 and 245.
35
Calculate the greatest common factor of 252 and 196.
28
What is the greatest common factor of 45 and 72?
9
Calculate the highest common factor of 276 and 69.
69
What is the highest common divisor of 156 and 26156?
52
What is the highest common factor of 32 and 11216?
16
Calculate the greatest common divisor of 3 and 147.
3
What is the greatest common divisor of 15 and 105?
15
Calculate the greatest common divisor of 268 and 603.
67
What is the greatest common divisor of 8 and 108?
4
Calculate the greatest common divisor of 32977 and 49.
49
What is the highest common divisor of 1 and 1433?
1
What is the highest common factor of 6545 and 34?
17
Calculate the greatest common divisor of 2568 and 48.
24
What is the greatest common divisor of 948 and 24?
12
What is the highest common factor of 52 and 364?
52
Calculate the highest common divisor of 33 and 264.
33
What is the highest common factor of 312 and 2028?
156
What is the greatest common divisor of 64 and 216?
8
What is the greatest common divisor of 56 and 16?
8
Calculate the highest common divisor of 8 and 62.
2
Calculate the greatest common factor of 153 and 9.
9
Calculate the greatest common divisor of 168 and 700.
28
What is the greatest common divisor of 2743 and 208?
13
What is the highest common factor of 162 and 567?
81
Calculate the greatest common factor of 21 and 623.
7
Calculate the greatest common factor of 2740 and 140.
20
Calculate the greatest common factor of 12860 and 40.
20
Calculate the highest common divisor of 51 and 6239.
17
What is the greatest common factor of 100 and 340?
20
Calculate the greatest common divisor of 588 and 42.
42
